ppose p + 3*p = 76. Calculate the greatest common divisor of x and p.
19
Let q be (-2)/9 - 40/(-18). Suppose q*w - 2*b = -4*b - 152, -5*w - 387 = -2*b. Let s = -41 - w. Calculate the highest common factor of 9 and s.
9
Suppose -w - 4 + 19 = r, 3*w = r + 33. Calculate the greatest common divisor of w and 14.
2
Let f(x) = 74*x - 178. Let l be f(8). What is the highest common divisor of l and 90?
18
Suppose 0 = -29*h - 9201 + 24513. What is the greatest common factor of h and 48?
48
Suppose 2*m + 3*s - 113 = 4*s, -5*m + 3*s + 283 = 0. What is the highest common factor of m and 68?
4
Let x(f) = -32*f + 149. Let u be x(-6). Calculate the highest common factor of u and 155.
31
Suppose i - 2*s = 87, -i + 7*s = 8*s - 93. What is the greatest common factor of 39 and i?
13
Let p be 55 + 5*4/10. Suppose 0*h - p = -3*h. Suppose 5*s = -0*x + 5*x + 285, -3*s - x + 171 = 0. What is the highest common divisor of h and s?
19
Let o be ((-3)/((-3)/2))/(-30 + 32). Let j be -11*((0 - 4) + (3 - o)). Calculate the greatest common divisor of 2 and j.
2
Suppose 0 = v + f + 31 - 7, -26 = v + 3*f. Let r = v - -37. Calculate the greatest common divisor of r and 154.
14
Let q(t) be the first derivative of t**3/3 + 9*t**2/2 - 6*t + 5. Let h be q(-9). Let b = h + 38. What is the highest common factor of b and 8?
8
Suppose 0 = -2*p - 0 - 6, -3*a - p + 51 = 0. Let v(r) = 6*r**3 + 2*r**2 - 2*r - 7. Let o be v(2). Calculate the highest common divisor of o and a.
9
Suppose -353 = -5*j - 4*b, -3*b = 5*j + 2*b - 355. Let a = 154 - j. Calculate the highest common factor of 5 and a.
5
Let m be 398 - -1 - (-6 + 2). Suppose 656 - 111 = 4*r - 5*k, 3*r - m = -2*k. Calculate the highest common divisor of 90 and r.
45
Let b(m) = 1606*m - 22. Let w be b(2). What is the greatest common factor of w and 110?
110
Let z(k) = -k**2 + k + 8. Let a be z(0). Let f = 40 - 24. What is the highest common divisor of a and f?
8
Let w = 249 + -192. Calculate the greatest common divisor of w and 27.
3
Suppose -4*w - 2*s - 4 = 0, -5*w - 1 + 22 = -4*s. Let p = w + 1. Let f = -19 + 23. What is the greatest common divisor of f and p?
2
Suppose 0 = -13*n + 15*n + 22. Let r be (n/(-3))/(3/18). Suppose -6 - 27 = -f. What is the greatest common divisor of f and r?
11
Suppose 3*b + 2*b = 75. Let c = b + -5. Suppose -3*x = -5*x + 60. What is the highest common divisor of x and c?
10
Suppose -4*u + 4*n + 144 = 0, 145 = 4*u - 4*n + n. Let x = u - 30. Calculate the greatest common divisor of 49 and x.
7
Let i(s) = 215*s - 140. Let l be i(5). Calculate the highest common divisor of 85 and l.
85
Suppose 209*o - 215*o = -4662. Calculate the highest common factor of o and 21.
21
Let a(b) = 5*b**2 + 10*b + 2. Let f(s) = s**2 - 7*s - 4. Let j be f(7). Let h be a(j). What is the greatest common divisor of 63 and h?
21
Let i = 188 - 86. What is the highest common factor of i and 6?
6
Suppose -1065*j = -1060*j - 60. Calculate the greatest common divisor of j and 2868.
12
Suppose -5*w - 5 = 5, 3*w + 14 = 4*a. Suppose 2*k + t = -10, -a*t - 6 = 2*k + 4. Let n be 2 + (k - -2 - -2). Calculate the greatest common factor of n and 2.
1
Suppose -2*d = 3*d + l + 6, -5*d - 2 = -3*l. Let w be (d/(-3))/((-5)/(-270)). Calculate the highest common divisor of 2 and w.
2
Let x = -430 + 719. Calculate the highest common divisor of x and 17.
17
Let b = -124 - -126. Let x(j) = 12*j + 5. Let h be x(b). Calculate the highest common factor of h and 29.
29
Let a = -4859 - -4980. Let v(h) = h**3 - 3*h + 4. Let x be v(3). Suppose -x = -i - i. What is the highest common divisor of a and i?
11
Let z(l) = l**3 - 5*l**2 + l + 1. Let t be z(5). Suppose -3*a + t = -a. Let k be (a/(-4))/((-9)/24). What is the greatest common factor of k and 2?
2
Suppose 0*j + 8 = 4*j. Let d(p) = 3*p**2 - 5*p + 10. Let q be d(4). Suppose -5*s + 2 = -q. Calculate the greatest common factor of s and j.
2
Suppose -248*w + 243*w + 3250 = 0. Calculate the highest common divisor of w and 50.
50
Let j be 820/(-15)*9/(-12). What is the greatest common factor of 369 and j?
41
Suppose -2*s = 51*m - 53*m + 30, 2*m = s + 30. What is the greatest common factor of 45 and m?
15
Suppose 0 = 2*k - 4*k. Suppose k = 3*d - 20 - 4. Suppose -h + z + 4 = 0, 5*h = -4*z + 14 + 6. Calculate the greatest common divisor of h and d.
4
Let c be (-126)/630*45*-1. What is the highest common factor of c and 4?
1
Suppose 4*y + 0*w + 4*w = 12, -4*y = -3*w - 19. Suppose 0 = -y*n + 18 - 2. What is the greatest common divisor of 12 and n?
4
Let l be ((-2)/(-3))/(10/345). Suppose 302 = 5*j - l. What is the highest common factor of 13 and j?
13
Suppose 2204 = 27*t - 550. What is the greatest common factor of 24 and t?
6
Suppose 0 = 2*c - 3*w - 108 - 122, 0 = w. Suppose 440 = 5*x + y + 4*y, y + 96 = x. Suppose 0 = 5*a - a - x. What is the highest common factor of c and a?
23
Suppose 0 = -4*d + 4*b + 184, 2*d - 91 = -b + 1. What is the highest common factor of 1334 and d?
46
Let z be 39*(-15)/(-9) - -3. Suppose 4*t = -2*c + z, 3*t + 27 + 34 = 2*c. Calculate the highest common factor of c and 48.
16
Let h be (9/(-6))/((-3)/16). Let p be 366/h*(-40)/(-15). Suppose -p = -3*f + 13. Calculate the highest common divisor of 18 and f.
9
Suppose 16*r - 6804 = -2*r. Calculate the highest common divisor of r and 9.
9
Let t = -117 + 125. What is the highest common factor of 544 and t?
8
Suppose 2*j - 33 - 87 = 0. What is the greatest common factor of j and 360?
60
Let b be ((-1)/(-2))/((-1)/(-8)). Suppose -3*y = 6*z - 3*z - 18, 5*y + b*z = 35. Let v = -32 + 109. Calculate the greatest common factor of v and y.
11
Let c be ((-26)/6)/((-71)/213). Let b(l) = 3*l - 11. Let r be b(8). What is the highest common factor of r and c?
13
Let p be (-12)/(-2) + 50/10 + -8. Calculate the highest common factor of p and 72.
3
Let q be -2*(7 + (-1)/1). Let u be (-774)/q - 3/6. What is the highest common factor of u and 16?
16
Let t(h) = -13*h - 53. Let y be t(-7). Calculate the greatest common divisor of y and 1634.
38
Let y(p) = p**2 - 10*p + 16. Let u be y(8). Let z be 36*4*(6/4 + u). Calculate the greatest common divisor of 24 and z.
24
Suppose 4*l - v = 3*l - 3, -27 = 2*l + 5*v. Let z = l - -21. What is the greatest common factor of 5 and z?
5
Let o(w) = 3*w**2 - 4*w + 1. Let i be o(5). Let g be (-3 - (3 + -3))/(-1). Let s be (16*1)/(g + -1). Calculate the highest common divisor of s and i.
8
Let c be 50/15*(-24)/(-10). Let x be 6 - c - (0 - 4). Suppose -3*w = r + 2*r - 39, 4*w = -x*r + 50. Calculate the greatest common factor of w and 12.
12
Let r(v) = 18*v - 47*v + 2*v**2 - 3*v**2 - 6 - 17. Let y be r(-23). What is the greatest common factor of 46 and y?
23
Let i = 2719 + -1750. Calculate the highest common divisor of i and 57.
57
Let j(n) = 20*n - 82. Let w be j(5). Let q = 0 - -42. Suppose 2*x - q = -w. Calculate the highest common factor of 12 and x.
12
Let d = -324 + 335. Calculate the highest common factor of 209 and d.
11
Let t(d) = -d**2 - 43*d + 98. Let n be t(-37). Calculate the greatest common factor of n and 40.
40
Let y be (-1 + 0)/((-5)/10). Let w(o) = -279*o. Let s(x) = -70*x. Let j(t) = 15*s(t) - 4*w(t). Let f be j(y). What is the greatest common factor of 12 and f?
12
Let b be (-230708)/(-1370) + 3/(15/(-2)). Calculate the greatest common divisor of 105 and b.
21
Let p(u) = -31*u - 122. Let n be p(-5). Calculate the highest common factor of n and 209.
11
Suppose 65 = -4*f + 5. Let m = 23 + f. What is the greatest common factor of m and 2?
2
Suppose -21*m + 380 = -19*m. Calculate the greatest common divisor of 30 and m.
10
Let c(a) = a**3 + 8*a**2 + 10*a - 3. Let r be ((-7)/2)/((-1)/(-2)). Let z be c(r). Let v be (-1)/(25/z + 1). Calculate the greatest common divisor of 60 and v.
12
Let b(o) = -7*o**3 - o**2 + 2*o + 2. Let t be (3/(-5))/((-1)/10). Let k = 4 - t. Let s be b(k). What is the greatest common factor of s and 20?
10
Let i = -739 - -979. Calculate the highest common factor of 90 and i.
30
Let r = -1422 + 1490. Calculate the highest common factor of 289 and r.
17
Suppose -s + 6*s - 15 = 0. Let b(c) = -c - 4 + 0 + s. Let x be b(-7). Calculate the highest common factor of 30 and x.
6
Suppose 110*w - 8250 = 77*w. What is the greatest common factor of 80 and w?
10
Suppose -3*z - 5*c + 179 = 0, c = -4*z + 210 + 40. 